ber?
True
Is 568618499 composite?
True
Is 3406588747 a composite number?
False
Is 12045165239 composite?
False
Is 9144164149 a prime number?
True
Is 897670367 composite?
True
Is 2243834722 prime?
False
Is 1715744231 a prime number?
True
Is 89473283 a prime number?
False
Is 25701039103 composite?
False
Is 1045712711 composite?
True
Is 104480050333 prime?
True
Is 542680399 a composite number?
False
Is 14615085941 composite?
False
Is 8569327829 prime?
True
Is 5562089255 prime?
False
Is 48956028013 a composite number?
True
Is 3169803823 prime?
False
Is 1190343439 composite?
True
Is 1744140395 a composite number?
True
Is 17667994781 a composite number?
True
Is 123471457 composite?
False
Is 9885847583 prime?
True
Is 32333734351 a prime number?
False
Is 1002413677 composite?
True
Is 51500466713 composite?
False
Is 32065927 a composite number?
True
Is 2671892071 a prime number?
True
Is 3291930997 a composite number?
True
Is 9902174683 a composite number?
False
Is 59213926183 a composite number?
True
Is 173702887 a composite number?
False
Is 51043753909 composite?
False
Is 2655147403 prime?
False
Is 101015622647 a prime number?
True
Is 22464282107 prime?
False
Is 6588263807 a prime number?
False
Is 6313843387 a composite number?
False
Is 1844735531 a composite number?
False
Is 211396697 a composite number?
True
Is 161749171 prime?
True
Is 39493069321 a composite number?
True
Is 81223999 composite?
True
Is 594036707 a composite number?
True
Is 3266066963 a prime number?
True
Is 207662999 composite?
False
Is 159486886661 composite?
False
Is 16286489287 composite?
False
Is 3035757653 a composite number?
False
Is 5818469851 a composite number?
True
Is 48388179491 a composite number?
True
Is 1759844453 composite?
True
Is 1085417413 prime?
False
Is 9155836357 a prime number?
False
Is 525138065 prime?
False
Is 11480458573 composite?
False
Is 153162383 a prime number?
False
Is 284184623 composite?
True
Is 2950395251 a prime number?
True
Is 217209151 a composite number?
True
Is 303548363 prime?
True
Is 38429651839 a prime number?
True
Is 1324417009 prime?
True
Is 77026737839 prime?
True
Is 29054126627 prime?
False
Is 450085159 prime?
False
Is 196549329553 a prime number?
True
Is 175819957 a composite number?
False
Is 10339898957 a prime number?
True
Is 9544691417 a prime number?
False
Is 53159089717 prime?
False
Is 434667791 a prime number?
False
Is 286261789 composite?
True
Is 47181791 a prime number?
True
Is 25827070811 composite?
False
Is 872157161 a prime number?
True
Is 217612288165 prime?
False
Is 11605987489 a composite number?
True
Is 243687019 a prime number?
True
Is 69628931621 a prime number?
True
Is 58836768691 composite?
True
Is 8092841774 prime?
False
Is 428645753 prime?
True
Is 79187493241 a prime number?
True
Is 191233877 a composite number?
True
Is 635951417 prime?
False
Is 1790206289 composite?
False
Is 3449404653 a prime number?
False
Is 5240230631 a prime number?
True
Is 279162524107 a prime number?
True
Is 2787031523 a prime number?
True
Is 1151987534 prime?
False
Is 294463837 composite?
True
Is 46987991 a composite number?
False
Is 6797242841 a prime number?
True
Is 11005037759 a prime number?
True
Is 11893114437 a composite number?
True
Is 107577971 a prime number?
False
Is 4330577197 a prime number?
True
Is 792878819 prime?
True
Is 762116603 composite?
True
Is 5254545437 composite?
True
Is 187586363015 composite?
True
Is 460335851 composite?
True
Is 4134218519 composite?
True
Is 744625151 a prime number?
False
Is 1656506323 a prime number?
False
Is 143381363 a composite number?
True
Is 343161197 a prime number?
False
Is 1141669091 a composite number?
False
Is 5962246861 a prime number?
True
Is 20836317691 a composite number?
True
Is 3576182957 a prime number?
False
Is 1288572982 composite?
True
Is 7555350659 a composite number?
True
Is 428138453 a prime number?
True
Is 74068613 a composite number?
True
Is 9310317987 a prime number?
False
Is 18138174199 prime?
False
Is 148798613 prime?
False
Is 745167587 composite?
False
Is 408304709 prime?
True
Is 1122268871 prime?
True
Is 10017377021 prime?
True
Is 2089621865 a composite number?
True
Is 19098128761 a composite number?
False
Is 428896711 a composite number?
True
Is 3039759949 a prime number?
False
Is 4669631563 composite?
False
Is 1372151773 prime?
False
Is 1416760661 a prime number?
True
Is 838864829 a prime number?
False
Is 2828666411 a composite number?
True
Is 348597808289 prime?
True
Is 60491857351 prime?
True
Is 519019493 prime?
False
Is 33767707 a prime number?
True
Is 658064153 composite?
False
Is 315547367 a composite number?
False
Is 3593383711 a prime number?
True
Is 307677521 a composite number?
False
Is 96238580621 composite?
False
Is 8428533899 a prime number?
True
Is 607611489 prime?
False
Is 14363904167 prime?
False
Is 65909508641 composite?
False
Is 2889175631 a composite number?
False
Is 23499546467 a prime number?
False
Is 4168925765 composite?
True
Is 175140947 a prime number?
False
Is 348490843 a composite number?
False
Is 141687583 a prime number?
False
Is 2457977369 composite?
True
Is 2782629823 a composite number?
False
Is 77806314305 composite?
True
Is 140148551573 a composite number?
False
Is 15023567651 a composite number?
True
Is 29861312899 prime?
False
Is 12311215033 prime?
False
Is 1391609699 composite?
True
Is 2159554423 composite?
True
Is 601214329 composite?
True
Is 15951143723 composite?
True
Is 639944597 a composite number?
True
Is 614729098 a composite number?
True
Is 395234063 a prime number?
False
Is 841128439 prime?
True
Is 87608057 a composite number?
False
Is 29177108042 a composite number?
True
Is 225981479 a composite number?
False
Is 13213158377 composite?
False
Is 70118291819 prime?
True
Is 2097188063 composite?
True
Is 987793049 a prime number?
True
Is 138934177063 composite?
True
Is 1914957467 a composite number?
False
Is 308824539 a prime number?
False
Is 34761483457 prime?
False
Is 4326335927 a prime number?
False
Is 1023305159 composite?
False
Is 2142711749 a prime number?
True
Is 3250822493 a composite number?
False
Is 5582366243 composite?
True
Is 119021714603 composite?
True
Is 52698474287 a composite number?
False
Is 45084542981 a prime number?
True
Is 687967183 prime?
True
Is 1555356457 a prime number?
False
Is 2401116337 prime?
True
Is 21305494201 prime?
True
Is 1172813123 a prime number?
False
Is 95484540629 prime?
True
Is 41415823 prime?
False
Is 10504837 composite?
True
Is 1676961401 a composite number?
False
Is 7520768971 a composite number?
False
Is 788612189 composite?
True
Is 155457319 composite?
False
Is 8473899218 composite?
True
Is 31689504281 a prime number?
True
Is 7410131018 a prime number?
False
Is 231085219 a composite number?
False
Is 71893580513 composite?
False
Is 698024941 a composite number?
True
Is 85298063047 a prime number?
True
Is 10759378529 prime?
False
Is 2213652869 a composite number?
False
Is 598213813 a prime number?
True
Is 97388562587 composite?
False
Is 1792389923 composite?
True
Is 688073739 a composite number?
True
Is 577478101 a prime number?
True
Is 1981225117 prime?
True
Is 5042778781 a prime number?
True
Is 15099397213 prime?
False
Is 2453888609 a composite number?
True
Is 3992281619 a prime number?
True
Is 2806116857 a composite number?
True
Is 122834121169 prime?
True
Is 43373494303 a prime number?
True
Is 2794166567 a prime number?
True
Is 2156937217 a prime number?
False
Is 1178220523 prime?
True
Is 16853017009 a composite number?
True
Is 13628959871 a prime number?
True
Is 624018947 composite?
False
Is 36109970461 a prime number?
False
Is 102708659 a prime number?
True
Is 1494309389 a prime number?
True
Is 56441480933 composite?
True
Is 36807047029 a prime number?
True
Is 12556956671 a composite number?
True
Is 10670430581 a prime number?
True
Is 17418480943 a prime number?
True
Is 4726837991 composite?
False
Is 391475159 prime?
True
Is 9422888081 composite?
False
Is 18457777619 composite?
False
Is 971216474 a composite number?
True
Is 306979921 a prime number?
True
Is 12822569398 composite?
True
Is 229811753153 a composite number?
False
Is 29642135417 composite?
True
Is 47042390431 a composite number?
True
Is 889310679 prime?
False
Is 127223273 a prime number?
True
Is 81001330279 co